{"id":2,"date":"2016-05-10T03:48:21","date_gmt":"2016-05-10T03:48:21","guid":{"rendered":"http:\/\/limmatwasser.cometoget.ch\/?page_id=2"},"modified":"2025-11-22T11:47:42","modified_gmt":"2025-11-22T10:47:42","slug":"sample-page","status":"publish","type":"page","link":"https:\/\/limmatwasser.cometoget.ch\/?page_id=2","title":{"rendered":"home"},"content":{"rendered":"\n<div class=\"wp-block-group alignfull has-global-padding is-layout-constrained wp-block-group-is-layout-constrained\" style=\"margin-top:0;margin-bottom:0;padding-top:var(--wp--preset--spacing--50);padding-bottom:var(--wp--preset--spacing--50)\">\n<div class=\"wp-block-columns alignwide is-layout-flex wp-container-core-columns-is-layout-fa584acd wp-block-columns-is-layout-flex\">\n<div class=\"wp-block-column is-vertically-aligned-center is-layout-flow wp-block-column-is-layout-flow\">\n<h2 class=\"wp-block-heading has-xx-large-font-size\">Librisluna<\/h2>\n\n\n\n<blockquote class=\"wp-block-quote is-layout-flow wp-block-quote-is-layout-flow\">\n<p>listening to people read.<\/p>\n<\/blockquote>\n\n\n\n<p class=\"has-medium-font-size\">Die Librisluna, wurde urspr\u00fcnglich im alten Athen entdeckt und geh\u00f6rt zur Familie der Flederm\u00e4use. Sie wird jedoch als Raupe geboren und ist im Vergleich zu Flederm\u00e4usen eher ein kleineres Tier, da sie im ausgewachsenen Zustand nur bis zu 5cm gross wird. <br><br>Zu Beginn widmet sich die kleine Raupe vor allem der Nahrungsaufnahme um zu wachsen und ihren Kokon zu bilden. Die Musterung des Kokons ist  individuell f\u00fcr jedes Tier. <\/p>\n\n\n\n<p class=\"has-medium-font-size\">Als ausgewachsenes Tier findet man die Librisluna vor allem in Bibliotheken, aber auch ab und zu in B\u00fcchergesch\u00e4ften und Brokis. Dort sucht sie meist einen ruhigen Ort und h\u00e4ngt dort Kopf\u00fcber.&nbsp;Die Librisluna f\u00e4llt in einen traumlosen Schlaf und h\u00f6rt den Menschen beim Lesen zu. Nur ihre Haare wachsen weiter, mit jedem neuen Wissen. <\/p>\n<\/div>\n\n\n\n<div class=\"wp-block-column is-vertically-aligned-center is-layout-flow wp-block-column-is-layout-flow\">\n<figure class=\"wp-block-image size-large\"><img loading=\"lazy\" decoding=\"async\" width=\"1024\" height=\"1024\" src=\"https:\/\/limmatwasser.cometoget.ch\/wp-content\/uploads\/2025\/11\/Illustration-2-1024x1024.png\" alt=\"\" class=\"wp-image-82\" srcset=\"https:\/\/limmatwasser.cometoget.ch\/wp-content\/uploads\/2025\/11\/Illustration-2-1024x1024.png 1024w, https:\/\/limmatwasser.cometoget.ch\/wp-content\/uploads\/2025\/11\/Illustration-2-300x300.png 300w, https:\/\/limmatwasser.cometoget.ch\/wp-content\/uploads\/2025\/11\/Illustration-2-150x150.png 150w, https:\/\/limmatwasser.cometoget.ch\/wp-content\/uploads\/2025\/11\/Illustration-2-768x768.png 768w, https:\/\/limmatwasser.cometoget.ch\/wp-content\/uploads\/2025\/11\/Illustration-2-1536x1536.png 1536w, https:\/\/limmatwasser.cometoget.ch\/wp-content\/uploads\/2025\/11\/Illustration-2-2048x2048.png 2048w, https:\/\/limmatwasser.cometoget.ch\/wp-content\/uploads\/2025\/11\/Illustration-2-600x600.png 600w, https:\/\/limmatwasser.cometoget.ch\/wp-content\/uploads\/2025\/11\/Illustration-2-100x100.png 100w\" sizes=\"auto, (max-width: 1024px) 100vw, 1024px\" \/><\/figure>\n<\/div>\n<\/div>\n<\/div>\n\n\n\n<div class=\"wp-block-columns alignwide is-layout-flex wp-container-core-columns-is-layout-fa584acd wp-block-columns-is-layout-flex\">\n<div class=\"wp-block-column is-vertically-aligned-center is-layout-flow wp-block-column-is-layout-flow\">\n<h2 class=\"wp-block-heading has-xx-large-font-size\">Vermisillies <\/h2>\n\n\n\n<blockquote class=\"wp-block-quote is-layout-flow wp-block-quote-is-layout-flow\">\n<p>curious about old technology<\/p>\n<\/blockquote>\n\n\n\n<p class=\"has-medium-font-size\">Mit dem Aufkommen der Smart Phones in den Fr\u00fchen 2000er wurden alle Telefone mit Wahlscheibe durch modernere Ger\u00e4te ersetzt. Das grosse Sterben des Haustelefons. Die Telefone wurden zu einem Alt-Ger\u00e4te-Platz in der N\u00e4he eines Waldes gebracht zu Weiterverarbeitung. Jedoch kam es nie dazu, da des Nachtens immer mehr Telefone zu verschwinden schienen.<\/p>\n\n\n\n<p class=\"has-medium-font-size\">Heute weiss man, es waren die Vermisillis. Sie fanden die Telefone und empfanden die H\u00f6rer als idealen Lebensraum. Sie sind kleine sehr neugierige Wesen. <br><\/p>\n<\/div>\n\n\n\n<div class=\"wp-block-column is-vertically-aligned-center is-layout-flow wp-block-column-is-layout-flow\">\n<figure class=\"wp-block-image size-large\"><img loading=\"lazy\" decoding=\"async\" width=\"1024\" height=\"1024\" src=\"https:\/\/limmatwasser.cometoget.ch\/wp-content\/uploads\/2025\/11\/telefon-1-1024x1024.png\" alt=\"\" class=\"wp-image-90\" srcset=\"https:\/\/limmatwasser.cometoget.ch\/wp-content\/uploads\/2025\/11\/telefon-1-1024x1024.png 1024w, https:\/\/limmatwasser.cometoget.ch\/wp-content\/uploads\/2025\/11\/telefon-1-300x300.png 300w, https:\/\/limmatwasser.cometoget.ch\/wp-content\/uploads\/2025\/11\/telefon-1-150x150.png 150w, https:\/\/limmatwasser.cometoget.ch\/wp-content\/uploads\/2025\/11\/telefon-1-768x768.png 768w, https:\/\/limmatwasser.cometoget.ch\/wp-content\/uploads\/2025\/11\/telefon-1-1536x1536.png 1536w, https:\/\/limmatwasser.cometoget.ch\/wp-content\/uploads\/2025\/11\/telefon-1-2048x2048.png 2048w, https:\/\/limmatwasser.cometoget.ch\/wp-content\/uploads\/2025\/11\/telefon-1-600x600.png 600w, https:\/\/limmatwasser.cometoget.ch\/wp-content\/uploads\/2025\/11\/telefon-1-100x100.png 100w\" sizes=\"auto, (max-width: 1024px) 100vw, 1024px\" \/><\/figure>\n<\/div>\n<\/div>\n","protected":false},"excerpt":{"rendered":"<p>Librisluna listening to people read. Die Librisluna, wurde urspr\u00fcnglich im alten Athen entdeckt und geh\u00f6rt zur Familie der Flederm\u00e4use. Sie wird jedoch als Raupe geboren und ist im Vergleich zu Flederm\u00e4usen eher ein kleineres Tier, da sie im ausgewachsenen Zustand nur bis zu 5cm gross wird. Zu Beginn widmet sich die kleine Raupe vor allem [&hellip;]<\/p>\n","protected":false},"author":1,"featured_media":0,"parent":0,"menu_order":0,"comment_status":"closed","ping_status":"closed","template":"","meta":{"footnotes":""},"class_list":["post-2","page","type-page","status-publish","hentry"],"_links":{"self":[{"href":"https:\/\/limmatwasser.cometoget.ch\/index.php?rest_route=\/wp\/v2\/pages\/2","targetHints":{"allow":["GET"]}}],"collection":[{"href":"https:\/\/limmatwasser.cometoget.ch\/index.php?rest_route=\/wp\/v2\/pages"}],"about":[{"href":"https:\/\/limmatwasser.cometoget.ch\/index.php?rest_route=\/wp\/v2\/types\/page"}],"author":[{"embeddable":true,"href":"https:\/\/limmatwasser.cometoget.ch\/index.php?rest_route=\/wp\/v2\/users\/1"}],"replies":[{"embeddable":true,"href":"https:\/\/limmatwasser.cometoget.ch\/index.php?rest_route=%2Fwp%2Fv2%2Fcomments&post=2"}],"version-history":[{"count":20,"href":"https:\/\/limmatwasser.cometoget.ch\/index.php?rest_route=\/wp\/v2\/pages\/2\/revisions"}],"predecessor-version":[{"id":103,"href":"https:\/\/limmatwasser.cometoget.ch\/index.php?rest_route=\/wp\/v2\/pages\/2\/revisions\/103"}],"wp:attachment":[{"href":"https:\/\/limmatwasser.cometoget.ch\/index.php?rest_route=%2Fwp%2Fv2%2Fmedia&parent=2"}],"curies":[{"name":"wp","href":"https:\/\/api.w.org\/{rel}","templated":true}]}}